 14. What is the remainder when -1 - (-2)/2*5 is divided by s?
0
Let s(w) = -w**2 + 11*w + 2. Let r be s(11). Suppose r*m + 2*m = 4*f - 24, -3*f - 10 = 4*m. What is the remainder when (-8)/(-10)*(-10)/(-4) is divided by f?
0
Suppose 14*i = 9*i - 15. Let u = 10 + i. Suppose -5*m - w + 61 - u = 0, 4*w = -m + 26. Calculate the remainder when 17 is divided by m.
7
Let t(i) = i**2 - i - 9. Let y be t(4). Suppose v + n - 22 = -0*n, -4*v + 109 = -y*n. Calculate the remainder when 97 - (2 - 1)/(-1) is divided by v.
23
Let i = 74 + -56. What is the remainder when 233 is divided by i?
17
Suppose -3*j = -5*w - 73, 2*w = -2*j + 24 + 14. What is the remainder when j is divided by 14?
7
Let k(y) = y**2 - 4. Let g be k(-3). Suppose -g*x + 4*l = -208, 2*x - 3*l = l + 88. Calculate the remainder when x is divided by 22.
18
Let f(d) = -d**3 + 10*d + 316. What is the remainder when f(0) is divided by 11?
8
Suppose -310 - 594 = -4*v. Calculate the remainder when v is divided by 34.
22
Calculate the remainder when (1041 - -2) + 4 + -9 is divided by 10.
8
Let w be (-6)/3*-3 - 0. Let c(m) = -6 + 0 - 8*m**2 + w*m + m**3 - 5. Calculate the remainder when c(8) is divided by 13.
11
Let h be 1 - (1 + -36 - 3). Let y = -22 + h. Suppose 3*a + n - 25 = 0, -22*n + 23*n = a - 15. What is the remainder when y is divided by a?
7
Let x(j) = -j**3 - 4*j**2 - 3*j + 3. Let o be (24/4)/(3/4). Suppose 5*m = -7 - o. What is the remainder when 3 is divided by x(m)?
0
Let l be (-7)/5 + 12/30. Calculate the remainder when l + 3 + (43 - 2) is divided by 11.
10
Suppose -44*o + 605 = -275. What is the remainder when 20 is divided by o?
0
Let o(f) = 20*f**2 + 7*f - 8. Calculate the remainder when o(2) is divided by (0 - -11)*(0 + 1).
9
What is the remainder when 30 is divided by 112/84*78/40*5?
4
Let s = 23 - 1. Suppose 5*i = 5*o + 540, -36*o = -38*o - 2. Calculate the remainder when i is divided by s.
19
Let v = 246 + -195. What is the remainder when 196 is divided by v?
43
Suppose -5*s + 8 = -7. Let z(q) = -4*q**2 - 13*q - 1. Let l(x) = -x**2 + 1. Let y(d) = 3*l(d) - z(d). Calculate the remainder when y(-13) is divided by s.
1
Let x = 3 - 5. Let i = 124 + -114. Calculate the remainder when ((x - 9) + 2)*-3 is divided by i.
7
Let s = -4 - -14. Let g = s + 22. Let a = 13821 + -13810. Calculate the remainder when g is divided by a.
10
Suppose 3*v = -5*u + 12, 4*v + v - 20 = u. Suppose u*m = 5*m - 105. What is the remainder when m is divided by 8?
5
Let x(d) = d**2 - d. Let n(q) = -q**3 - q**2 + 3*q - 1. Let j(y) = -n(y) - 3*x(y). Let f be j(-2). What is the remainder when (76/(-3))/(10/f) is divided by 13?
12
What is the remainder when (((-108)/(-15))/(-4))/((-8)/200) is divided by 36?
9
Let i be 8/(-6 - -2)*-27. Suppose -4*b = 2*b - i. Let q = -6 + 12. Calculate the remainder when b is divided by q.
3
Suppose 5*m - 4241 = 1844. Calculate the remainder when m is divided by 21.
20
Suppose v + 3 = 5. Suppose 3*g - 5*a = 69, v*g + g - 4*a - 69 = 0. Let n = -4 - -7. Calculate the remainder when g is divided by n.
2
Let k = 84 - 78. What is the remainder when 19 is divided by k?
1
Let o(b) = 44*b - 51. Calculate the remainder when 331 is divided by o(2).
35
Let k(j) = 2*j + 4. Let y be k(6). Let c = y - -4. What is the remainder when 13/(-2)*(-6 - (3 - 3)) is divided by c?
19
Let y be 2 - 200/(-6 - -2). Let l be (y/65)/(2/60). Suppose 9*r = 8*r + l. What is the remainder when 46 is divided by r?
22
Let g(d) = 3*d**2 - d - 1. Let l be -5*(1 - (-24)/(-15)). What is the remainder when 68 is divided by g(l)?
22
Let v(b) = -4*b**2 + 70*b - 44. Calculate the remainder when v(16) is divided by 12.
4
Suppose -2*v + c = -0 - 2, -2*v + 2*c = -6. What is the remainder when 2*v - (-11 - 89) is divided by 50?
48
Let i = 556 - 518. What is the remainder when 529 is divided by i?
35
Let r be (-8)/44 + 6936/33. Suppose -11*s + s + r = 0. Calculate the remainder when 37 is divided by s.
16
Suppose 5*x = 3*v + 10*x - 290, -v + 5*x + 70 = 0. What is the remainder when 351 is divided by v?
81
Suppose -389 = -z - 4*j, 5*j + 484 = z + 113. What is the remainder when z is divided by 64?
61
Suppose 3*g + 49 = 4*l + 4*g, -l = -3*g - 22. What is the remainder when 25 is divided by l?
12
Let r = 163 - -33. What is the remainder when r is divided by 10?
6
Let k(v) be the second derivative of -v**4/12 + 5*v**3/3 + 13*v**2/2 - 20*v. Calculate the remainder when 22 is divided by k(10).
9
Suppose q - 40 + 14 = 0. What is the remainder when 77 is divided by q?
25
Calculate the remainder when (-88)/8 + 1058 + 4/2 is divided by 35.
34
Let j(y) = 3*y**2 - 12*y + 16. Calculate the remainder when 61 is divided by j(3).
5
Calculate the remainder when ((3 - 6) + -90)/(-11 + 10) is divided by (-16)/(0 + 0 + -1).
13
Let x(c) = 2*c - 2. Let p be x(-5). What is the remainder when 9 is divided by 2/(4 + p/4)?
1
Let h be 32 + 0 + 4*5/(-20). Let g = -23 + h. What is the remainder when 19 is divided by g?
3
What is the remainder when (-2679)/(-188)*16/6 is divided by 22?
16
Let k(n) = 71*n - 401. What is the remainder when k(17) is divided by 30?
26
Let n(l) = 16*l**3 - l**2 + 2*l + 2. Calculate the remainder when n(2) is divided by 37.
19
Let p = -358 - -572. Calculate the remainder when p is divided by 32.
22
Let m(x) = -x**3 + 2*x**2 + 2*x - 1. Suppose -k + 3*k + 126 = 0. Let o = 66 + k. Calculate the remainder when o is divided by m(2).
0
Let a(v) = -v**3 - 5*v**2 - 16*v - 7. What is the remainder when 201 is divided by a(-3)?
17
Suppose -4*s - 110 = -x, 308 = 3*x - 3*s + 2*s. Calculate the remainder when 181 is divided by x.
79
Let b(h) = 6*h + 22 - 18 - 9 - 14. What is the remainder when 43 - (-3 - (-3)/3) is divided by b(7)?
22
Suppose 0 = 2*p - 5*o - 124, -23 = -2*p + o + 117. Calculate the remainder when 286 is divided by p.
70
Let p(w) = -w**3. Let n be p(-2). Let y(z) = -z**2 + 8*z + 13. Suppose 0 = 5*d - 152 - 33. What is the remainder when d is divided by y(n)?
11
Let l = -251 - -313. Calculate the remainder when l is divided by 18.
8
Let u be -3 + 71 + -3 + 1. Let d = u - 26. Let p = d + -27. What is the remainder when 50 is divided by p?
11
Let h = -20 + 34. Let d(j) = -2*j**2 + 2*j + 23. Let w be d(-5). What is the remainder when 2/(-2) - (w + 10) is divided by h?
12
Suppose 5*f - 7*f + 28 = 0. Suppose -4*y + 4*w + 264 = 0, 0*y - 5*w - 123 = -2*y. Calculate the remainder when y is divided by f.
13
Suppose 5*j - 14 = 7*j. Let t = j + 36. Calculate the remainder when t is divided by 15.
14
Let p = -170 + 187. Calculate the remainder when 185 is divided by p.
15
Let c(y) = 6*y**2 + 12*y + 3. Suppose 88*f = 93*f - 30. What is the remainder when c(f) is divided by 49?
46
Suppose -3*z + 250 = 76. Suppose p = -1, 0 = -f - 0*p + 4*p + z. Suppose 0 = t - 0*t - f. What is the remainder when t is divided by 14?
12
Let o(s) = -s**2 + 3*s. Let p be o(-10). Let n = -81 - p. Calculate the remainder when 292 is divided by n.
47
Let s be ((-4 - 4)/(-2))/(-2). Let k be 8/s - (-9 - -5). Suppose 2*v + 101 = 3*t, -t + 3*v + v + 37 = k. What is the remainder when 130 is divided by t?
31
Let d = 5758 + -3782. What is the remainder when d/24 - 2/6 is divided by 14?
12
Let m(v) = -3 - 4*v + 2*v - v**3 + 4*v**2 - 21*v**2 - 15*v. What is the remainder when 21 is divided by m(-16)?
8
Let n(u) = u**2 + 38*u - 11. What is the remainder when n(-39) is divided by 13?
2
Let q be (-16)/(-7) + (-4)/14. Suppose -q*u - 126 = -2*f + 7*f, -2*u = -4. Calculate the remainder when 25 is divided by (f/(-8))/((-3)/(-12)).
12
Suppose -5*s - 7*o = -2*o - 650, 139 = s - 2*o. What is the remainder when s is divided by 57?
19
Let a(p) = 2*p - 8. Let q be a(6). Suppose -3*k + 4*j = 42 - 103, -14 = -2*k - q*j. Let f(m) = -14*m - 11. Calculate the remainder when f(-5) is divided by k.
14
Let f(w) = 18*w - 13. Let t be f(4). Let s = -42 + t. What is the remainder when 31 is divided by s?
14
Suppose 5*k - 131 = -3*q, -9*k + 7*k - 3*q + 47 = 0. Calculate the remainder when k is divided by 10*2/(-4)*-2.
8
Let w = 969 - 943. What is the remainder when 119 is divided by w?
15
Let c = 92 - 3. Let k = 197 - c. What is the remainder when k is divided by 22?
20
Let j = 1069 - 945. What is the remainder when j is divided by 16?
12
Let w(u) = u**2 + 6*u - 2. Let g be w(-6). Suppose 0 = 